reatest common factor of 613 and 8.
1
What is the highest common factor of 28 and 17948?
28
What is the greatest common divisor of 23577 and 542?
271
What is the greatest common factor of 114 and 38?
38
What is the highest common divisor of 286 and 221?
13
What is the highest common divisor of 255 and 45?
15
Calculate the greatest common divisor of 52 and 13.
13
What is the greatest common factor of 360 and 1940?
20
Calculate the greatest common factor of 612 and 792.
36
What is the greatest common factor of 26 and 208?
26
Calculate the greatest common factor of 95 and 57.
19
What is the highest common divisor of 44 and 1034?
22
Calculate the highest common factor of 190 and 10.
10
Calculate the greatest common divisor of 3124 and 44.
44
What is the highest common divisor of 198 and 294?
6
Calculate the greatest common divisor of 2883 and 62.
31
What is the highest common divisor of 16 and 20?
4
What is the highest common divisor of 5575 and 50?
25
What is the greatest common factor of 1008 and 2448?
144
Calculate the highest common factor of 84 and 80.
4
Calculate the greatest common factor of 4387 and 107.
107
What is the highest common divisor of 70 and 175?
35
What is the greatest common divisor of 21573 and 27?
27
What is the highest common divisor of 248 and 8?
8
What is the greatest common factor of 102 and 15?
3
What is the greatest common divisor of 20 and 6980?
20
Calculate the highest common factor of 147 and 201.
3
What is the greatest common divisor of 156 and 96?
12
What is the highest common divisor of 28 and 54?
2
What is the greatest common factor of 8 and 17?
1
What is the highest common factor of 221 and 13?
13
Calculate the highest common factor of 12 and 18.
6
Calculate the greatest common factor of 475 and 190.
95
What is the greatest common divisor of 540 and 24?
12
What is the greatest common divisor of 7 and 588?
7
Calculate the greatest common factor of 4387 and 369.
41
What is the greatest common divisor of 611 and 871?
13
Calculate the highest common factor of 3640 and 1960.
280
What is the greatest common divisor of 6 and 3238?
2
Calculate the greatest common factor of 925 and 200.
25
What is the highest common factor of 459 and 477?
9
What is the highest common factor of 7391 and 19?
19
What is the greatest common divisor of 1989 and 765?
153
Calculate the greatest common divisor of 1007 and 95.
19
Calculate the greatest common divisor of 12 and 186.
6
Calculate the greatest common divisor of 90 and 135.
45
Calculate the greatest common factor of 16 and 12.
4
What is the highest common factor of 1261 and 299?
13
Calculate the greatest common factor of 65 and 39.
13
What is the greatest common factor of 46 and 58?
2
Calculate the greatest common divisor of 5840 and 80.
80
What is the greatest common factor of 1446 and 2651?
241
Calculate the highest common divisor of 67 and 24321.
67
What is the greatest common divisor of 4213 and 22?
11
What is the greatest common divisor of 23 and 713?
23
Calculate the highest common factor of 138 and 92.
46
What is the highest common factor of 24 and 1374?
6
What is the greatest common divisor of 12129 and 39?
39
Calculate the greatest common divisor of 6162 and 351.
39
What is the highest common factor of 99 and 117?
9
Calculate the highest common factor of 93 and 496.
31
What is the greatest common factor of 48 and 9?
3
What is the highest common factor of 1956 and 3?
3
Calculate the greatest common divisor of 11 and 1892.
11
Calculate the highest common factor of 4247 and 1507.
137
Calculate the highest common factor of 27 and 144.
9
What is the highest common factor of 1271 and 31?
31
What is the highest common factor of 288 and 32?
32
What is the highest common factor of 94 and 1222?
94
What is the greatest common divisor of 36 and 1476?
36
What is the greatest common factor of 21452 and 496?
124
Calculate the greatest common factor of 3080 and 4.
4
What is the greatest common divisor of 1920 and 1200?
240
What is the highest common divisor of 128 and 1088?
64
Calculate the greatest common factor of 154 and 44.
22
Calculate the highest common factor of 2783 and 115.
23
Calculate the greatest common factor of 451 and 55.
11
Calculate the highest common factor of 808 and 202.
202
What is the greatest common factor of 5785 and 13?
13
What is the greatest common divisor of 16637 and 254?
127
What is the greatest common divisor of 12 and 786?
6
Calculate the greatest common factor of 26 and 29198.
26
Calculate the highest common divisor of 150 and 60.
30
What is the highest common factor of 3633 and 2249?
173
Calculate the greatest common divisor of 170 and 15.
5
What is the highest common factor of 2666 and 62?
62
Calculate the highest common divisor of 30 and 634.
2
Calculate the greatest common divisor of 84 and 144.
12
Calculate the highest common divisor of 532 and 84.
28
Calculate the highest common factor of 140 and 3260.
20
What is the greatest common divisor of 731 and 215?
43
What is the greatest common divisor of 192 and 832?
64
What is the highest common divisor of 182 and 21?
7
Calculate the greatest common divisor of 48 and 96.
48
What is the greatest common divisor of 119 and 136?
17
What is the greatest common factor of 62 and 16?
2
What is the greatest common divisor of 5 and 215?
5
What is the greatest common divisor of 1640 and 40?
40
What is the greatest common factor of 39 and 65?
13
What is the greatest common factor of 8 and 1156?
4
What is the highest common factor of 84 and 106092?
84
Calculate the highest common factor of 408 and 22746.
102
What is the highest common divisor of 133 and 19?
19
What is the greatest common divisor of 39 and 247?
13
Calculate the greatest common divisor of 38 and 969.
19
What is the greatest common divisor of 5575 and 669?
223
Calculate the greatest common divisor of 18 and 582.
6
What is the greatest common factor of 9 and 12?
3
What is the highest common factor of 5 and 155?
5
Calculate the greatest common factor of 136 and 48.
8
What is the highest common divisor of 39 and 12?
3
Calculate the greatest common factor of 256 and 8896.
64
Calculate the highest common factor of 544 and 512.
32
What is the highest common divisor of 2331 and 14?
7
Calculate the greatest common divisor of 944 and 40.
8
What is the highest common factor of 370 and 90?
10
Calculate the highest common factor of 9 and 6.
3
Calculate the greatest common divisor of 72 and 80.
8
Calculate the greatest common divisor of 630 and 560.
70
What is the greatest common divisor of 23 and 667?
23
Calculate the highest common divisor of 12 and 664.
4
Calculate the highest common divisor of 25 and 1075.
25
What is the greatest common divisor of 94 and 21526?
94
Calculate the highest common factor of 135 and 5.
5
Calculate the greatest common divisor of 1007 and 171.
19
What is the greatest common factor of 81 and 27297?
81
Calculate the highest common divisor of 5049 and 153.
153
Calculate the greatest common divisor of 24 and 10188.
12
What is the highest common divisor of 1026 and 12?
6
Calculate the highest common factor of 6 and 69.
3
Calculate the greatest common divisor of 549 and 24.
3
Calculate the greatest common divisor of 19 and 19.
19
What is the greatest common factor of 88 and 7953?
11
What is the greatest common factor of 96 and 48?
48
What is the highest common divisor of 1 and 41?
1
What is the highest common divisor of 10665 and 324?
27
Calculate the highest common factor of 53 and 424.
53
Calculate the greatest common divisor of 108 and 1296.
108
What is the greatest common factor of 1120 and 6048?
224
Calculate the highest common factor of 55252 and 38.
38
Calculate the highest common factor of 1775 and 71.
71
What is the highest common factor of 324 and 36?
36
Calculate the greatest common factor of 25 and 925.
25
What is the greatest common factor of 100 and 8?
4
Calculate the highest common factor of 48 and 32.
16
What is the highest common factor of 7788 and 11?
11
What is the greatest common factor of 207 and 9?
9
Calculate the greatest common factor of 3888 and 144.
144
Calculate the greatest common factor of 76 and 209.
19
Calculate the greatest common factor of 1 and 17.
1
What is the highest common factor of 925 and 37?
37
What i